{"id":18891,"date":"2025-04-01T15:54:15","date_gmt":"2025-04-01T13:54:15","guid":{"rendered":"https:\/\/consta.crealogica.eu\/convenios-de-colaboracion\/"},"modified":"2025-04-29T15:56:32","modified_gmt":"2025-04-29T13:56:32","slug":"convenios-de-colaboracion","status":"publish","type":"page","link":"https:\/\/www.recons-consta.org\/es\/convenios-de-colaboracion\/","title":{"rendered":"Convenios de colaboraci\u00f3n"},"content":{"rendered":"\t\t<div data-elementor-type=\"wp-page\" data-elementor-id=\"18891\" class=\"elementor elementor-18891 elementor-18807\" data-elementor-post-type=\"page\">\n\t\t\t\t<div class=\"elementor-element elementor-element-241c343 e-grid e-con-boxed e-con e-parent\" data-id=\"241c343\" data-element_type=\"container\" data-e-type=\"container\">\n\t\t\t\t\t<div class=\"e-con-inner\">\n\t\t<div class=\"elementor-element elementor-element-2bbfc9b e-con-full e-flex e-con e-child\" data-id=\"2bbfc9b\" data-element_type=\"container\" data-e-type=\"container\">\n\t\t\t\t<div class=\"elementor-element elementor-element-7461490 elementor-widget elementor-widget-image\" data-id=\"7461490\" data-element_type=\"widget\" data-e-type=\"widget\" data-widget_type=\"image.default\">\n\t\t\t\t<div class=\"elementor-widget-container\">\n\t\t\t\t\t\t\t\t\t\t\t\t\t\t\t\t<a href=\"\/documents\/CONVENI-GENCAT-CONSTA.pdf\" target=\"_blank\">\n\t\t\t\t\t\t\t<img decoding=\"async\" width=\"150\" height=\"150\" src=\"https:\/\/www.recons-consta.org\/wp-content\/uploads\/2025\/04\/pdf-150x150-1.png\" class=\"attachment-large size-large wp-image-18814\" alt=\"Descarrega el PDF\" \/>\t\t\t\t\t\t\t\t<\/a>\n\t\t\t\t\t\t\t\t\t\t\t\t\t\t\t<\/div>\n\t\t\t\t<\/div>\n\t\t\t\t<div class=\"elementor-element elementor-element-683ac2c elementor-widget elementor-widget-heading\" data-id=\"683ac2c\" data-element_type=\"widget\" data-e-type=\"widget\" data-widget_type=\"heading.default\">\n\t\t\t\t<div class=\"elementor-widget-container\">\n\t\t\t\t\t<h5 class=\"elementor-heading-title elementor-size-default\"><a href=\"\/documents\/CONVENI-GENCAT-CONSTA.pdf\" target=\"_blank\">CONVENIO DE LA AGENCIA DE LA VIVIENDA DE CATALU\u00d1A DEL DEPARTAMENTO DE TERRITORIO Y SOSTENIBILIDAD DE LA GENERALIDAD DE CATALU\u00d1A Y LA FUNDACI\u00d3N PRIVADA PARA LA ORDENACI\u00d3N DEL SECTOR DE LA CONSTRUCCI\u00d3N EN CATALU\u00d1A PARA LA PROMOCI\u00d3N DEL SELLO CONSTA<\/a><\/h5>\t\t\t\t<\/div>\n\t\t\t\t<\/div>\n\t\t\t\t<\/div>\n\t\t<div class=\"elementor-element elementor-element-b80ad75 e-con-full e-flex e-con e-child\" data-id=\"b80ad75\" data-element_type=\"container\" data-e-type=\"container\">\n\t\t\t\t<div class=\"elementor-element elementor-element-09c50c0 elementor-widget elementor-widget-image\" data-id=\"09c50c0\" data-element_type=\"widget\" data-e-type=\"widget\" data-widget_type=\"image.default\">\n\t\t\t\t<div class=\"elementor-widget-container\">\n\t\t\t\t\t\t\t\t\t\t\t\t\t\t\t\t<a href=\"\/documents\/CONVENI-2015.pdf\" target=\"_blank\">\n\t\t\t\t\t\t\t<img decoding=\"async\" width=\"150\" height=\"150\" src=\"https:\/\/www.recons-consta.org\/wp-content\/uploads\/2025\/04\/pdf-150x150-1.png\" class=\"attachment-large size-large wp-image-18814\" alt=\"Descarrega el PDF\" \/>\t\t\t\t\t\t\t\t<\/a>\n\t\t\t\t\t\t\t\t\t\t\t\t\t\t\t<\/div>\n\t\t\t\t<\/div>\n\t\t\t\t<div class=\"elementor-element elementor-element-160c134 elementor-widget elementor-widget-heading\" data-id=\"160c134\" data-element_type=\"widget\" data-e-type=\"widget\" data-widget_type=\"heading.default\">\n\t\t\t\t<div class=\"elementor-widget-container\">\n\t\t\t\t\t<h5 class=\"elementor-heading-title elementor-size-default\"><a href=\"\/documents\/CONVENI-2015.pdf\" target=\"_blank\">CONVENIO DE COLABORACI\u00d3N CON EL CONSORCIO DE LA VIVIENDA DE BARCELONA<\/a><\/h5>\t\t\t\t<\/div>\n\t\t\t\t<\/div>\n\t\t\t\t<\/div>\n\t\t<div class=\"elementor-element elementor-element-a800536 e-con-full e-flex e-con e-child\" data-id=\"a800536\" data-element_type=\"container\" data-e-type=\"container\">\n\t\t\t\t<div class=\"elementor-element elementor-element-7b0f19b elementor-widget elementor-widget-image\" data-id=\"7b0f19b\" data-element_type=\"widget\" data-e-type=\"widget\" data-widget_type=\"image.default\">\n\t\t\t\t<div class=\"elementor-widget-container\">\n\t\t\t\t\t\t\t\t\t\t\t\t\t\t\t\t<a href=\"\/documents\/Pacte_Nacional_per_habitatge.pdf\" target=\"_blank\">\n\t\t\t\t\t\t\t<img decoding=\"async\" width=\"150\" height=\"150\" src=\"https:\/\/www.recons-consta.org\/wp-content\/uploads\/2025\/04\/pdf-150x150-1.png\" class=\"attachment-large size-large wp-image-18814\" alt=\"Descarrega el PDF\" \/>\t\t\t\t\t\t\t\t<\/a>\n\t\t\t\t\t\t\t\t\t\t\t\t\t\t\t<\/div>\n\t\t\t\t<\/div>\n\t\t\t\t<div class=\"elementor-element elementor-element-6afc857 elementor-widget elementor-widget-heading\" data-id=\"6afc857\" data-element_type=\"widget\" data-e-type=\"widget\" data-widget_type=\"heading.default\">\n\t\t\t\t<div class=\"elementor-widget-container\">\n\t\t\t\t\t<h5 class=\"elementor-heading-title elementor-size-default\"><a href=\"\/documents\/Pacte_Nacional_per_habitatge.pdf\" target=\"_blank\">PACTO NACIONAL POR LA VIVIENDA 2007-2016 MEDIDA 129, P\u00c1GINA 48<\/a><\/h5>\t\t\t\t<\/div>\n\t\t\t\t<\/div>\n\t\t\t\t<\/div>\n\t\t\t\t\t<\/div>\n\t\t\t\t<\/div>\n\t\t\t\t<\/div>\n\t\t","protected":false},"excerpt":{"rendered":"<p>CONVENIO DE LA AGENCIA DE LA VIVIENDA DE CATALU\u00d1A DEL DEPARTAMENTO DE TERRITORIO Y SOSTENIBILIDAD DE LA GENERALIDAD DE CATALU\u00d1A Y LA FUNDACI\u00d3N PRIVADA PARA LA ORDENACI\u00d3N DEL SECTOR DE LA CONSTRUCCI\u00d3N EN CATALU\u00d1A PARA LA PROMOCI\u00d3N DEL SELLO CONSTA CONVENIO DE COLABORACI\u00d3N CON EL CONSORCIO DE LA VIVIENDA DE BARCELONA PACTO NACIONAL POR LA [&hellip;]<\/p>\n","protected":false},"author":1,"featured_media":0,"parent":0,"menu_order":0,"comment_status":"closed","ping_status":"closed","template":"page-templates\/pagebuilder.php","meta":{"zakra_page_container_layout":"customizer","zakra_page_sidebar_layout":"customizer","zakra_remove_content_margin":false,"zakra_sidebar":"customizer","zakra_transparent_header":"customizer","zakra_logo":0,"zakra_main_header_style":"default","zakra_menu_item_color":"","zakra_menu_item_hover_color":"","zakra_menu_item_active_color":"","zakra_menu_active_style":"","zakra_page_header":true,"footnotes":""},"class_list":["post-18891","page","type-page","status-publish","hentry"],"_links":{"self":[{"href":"https:\/\/www.recons-consta.org\/es\/wp-json\/wp\/v2\/pages\/18891","targetHints":{"allow":["GET"]}}],"collection":[{"href":"https:\/\/www.recons-consta.org\/es\/wp-json\/wp\/v2\/pages"}],"about":[{"href":"https:\/\/www.recons-consta.org\/es\/wp-json\/wp\/v2\/types\/page"}],"author":[{"embeddable":true,"href":"https:\/\/www.recons-consta.org\/es\/wp-json\/wp\/v2\/users\/1"}],"replies":[{"embeddable":true,"href":"https:\/\/www.recons-consta.org\/es\/wp-json\/wp\/v2\/comments?post=18891"}],"version-history":[{"count":3,"href":"https:\/\/www.recons-consta.org\/es\/wp-json\/wp\/v2\/pages\/18891\/revisions"}],"predecessor-version":[{"id":18894,"href":"https:\/\/www.recons-consta.org\/es\/wp-json\/wp\/v2\/pages\/18891\/revisions\/18894"}],"wp:attachment":[{"href":"https:\/\/www.recons-consta.org\/es\/wp-json\/wp\/v2\/media?parent=18891"}],"curies":[{"name":"wp","href":"https:\/\/api.w.org\/{rel}","templated":true}]}}

Convenios de colaboración

<div data-elementor-type="wp-page" data-elementor-id="18891" class="elementor elementor-18891 elementor-18807" data-elementor-post-type="page">
				<div class="elementor-element elementor-element-241c343 e-grid e-con-boxed e-con e-parent" data-id="241c343" data-element_type="container" data-e-type="container">
					<div class="e-con-inner">
		<div class="elementor-element elementor-element-2bbfc9b e-con-full e-flex e-con e-child" data-id="2bbfc9b" data-element_type="container" data-e-type="container">
				<div class="elementor-element elementor-element-7461490 elementor-widget elementor-widget-image" data-id="7461490" data-element_type="widget" data-e-type="widget" data-widget_type="image.default">
				<div class="elementor-widget-container">
																<a href="/documents/CONVENI-GENCAT-CONSTA.pdf" target="_blank">
							<img decoding="async" width="150" height="150" src="https://www.recons-consta.org/wp-content/uploads/2025/04/pdf-150x150-1.png" class="attachment-large size-large wp-image-18814" alt="Descarrega el PDF" />								</a>
															</div>
				</div>
				<div class="elementor-element elementor-element-683ac2c elementor-widget elementor-widget-heading" data-id="683ac2c" data-element_type="widget" data-e-type="widget" data-widget_type="heading.default">
				<div class="elementor-widget-container">
					<h5 class="elementor-heading-title elementor-size-default"><a href="/documents/CONVENI-GENCAT-CONSTA.pdf" target="_blank">CONVENIO DE LA AGENCIA DE LA VIVIENDA DE CATALUÑA DEL DEPARTAMENTO DE TERRITORIO Y SOSTENIBILIDAD DE LA GENERALIDAD DE CATALUÑA Y LA FUNDACIÓN PRIVADA PARA LA ORDENACIÓN DEL SECTOR DE LA CONSTRUCCIÓN EN CATALUÑA PARA LA PROMOCIÓN DEL SELLO CONSTA</a></h5>				</div>
				</div>
				</div>
		<div class="elementor-element elementor-element-b80ad75 e-con-full e-flex e-con e-child" data-id="b80ad75" data-element_type="container" data-e-type="container">
				<div class="elementor-element elementor-element-09c50c0 elementor-widget elementor-widget-image" data-id="09c50c0" data-element_type="widget" data-e-type="widget" data-widget_type="image.default">
				<div class="elementor-widget-container">
																<a href="/documents/CONVENI-2015.pdf" target="_blank">
							<img decoding="async" width="150" height="150" src="https://www.recons-consta.org/wp-content/uploads/2025/04/pdf-150x150-1.png" class="attachment-large size-large wp-image-18814" alt="Descarrega el PDF" />								</a>
															</div>
				</div>
				<div class="elementor-element elementor-element-160c134 elementor-widget elementor-widget-heading" data-id="160c134" data-element_type="widget" data-e-type="widget" data-widget_type="heading.default">
				<div class="elementor-widget-container">
					<h5 class="elementor-heading-title elementor-size-default"><a href="/documents/CONVENI-2015.pdf" target="_blank">CONVENIO DE COLABORACIÓN CON EL CONSORCIO DE LA VIVIENDA DE BARCELONA</a></h5>				</div>
				</div>
				</div>
		<div class="elementor-element elementor-element-a800536 e-con-full e-flex e-con e-child" data-id="a800536" data-element_type="container" data-e-type="container">
				<div class="elementor-element elementor-element-7b0f19b elementor-widget elementor-widget-image" data-id="7b0f19b" data-element_type="widget" data-e-type="widget" data-widget_type="image.default">
				<div class="elementor-widget-container">
																<a href="/documents/Pacte_Nacional_per_habitatge.pdf" target="_blank">
							<img decoding="async" width="150" height="150" src="https://www.recons-consta.org/wp-content/uploads/2025/04/pdf-150x150-1.png" class="attachment-large size-large wp-image-18814" alt="Descarrega el PDF" />								</a>
															</div>
				</div>
				<div class="elementor-element elementor-element-6afc857 elementor-widget elementor-widget-heading" data-id="6afc857" data-element_type="widget" data-e-type="widget" data-widget_type="heading.default">
				<div class="elementor-widget-container">
					<h5 class="elementor-heading-title elementor-size-default"><a href="/documents/Pacte_Nacional_per_habitatge.pdf" target="_blank">PACTO NACIONAL POR LA VIVIENDA 2007-2016 MEDIDA 129, PÁGINA 48</a></h5>				</div>
				</div>
				</div>
					</div>
				</div>
				</div>

<p>CONVENIO DE LA AGENCIA DE LA VIVIENDA DE CATALUÑA DEL DEPARTAMENTO DE TERRITORIO Y SOSTENIBILIDAD DE LA GENERALIDAD DE CATALUÑA Y LA FUNDACIÓN PRIVADA PARA LA ORDENACIÓN DEL SECTOR DE LA CONSTRUCCIÓN EN CATALUÑA PARA LA PROMOCIÓN DEL SELLO CONSTA CONVENIO DE COLABORACIÓN CON EL CONSORCIO DE LA VIVIENDA DE BARCELONA PACTO NACIONAL POR LA [&hellip;]</p>
