{"id":18887,"date":"2025-04-01T16:24:25","date_gmt":"2025-04-01T14:24:25","guid":{"rendered":"https:\/\/consta.crealogica.eu\/aviso-legal-y-politica-de-privacidad\/"},"modified":"2025-04-29T15:54:02","modified_gmt":"2025-04-29T13:54:02","slug":"aviso-legal-y-politica-de-privacidad","status":"publish","type":"page","link":"https:\/\/www.recons-consta.org\/es\/aviso-legal-y-politica-de-privacidad\/","title":{"rendered":"Aviso legal y Pol\u00edtica de Privacidad"},"content":{"rendered":"\t\t<div data-elementor-type=\"wp-page\" data-elementor-id=\"18887\" class=\"elementor elementor-18887 elementor-18835\" data-elementor-post-type=\"page\">\n\t\t\t\t<div class=\"elementor-element elementor-element-612c397 e-flex e-con-boxed e-con e-parent\" data-id=\"612c397\" data-element_type=\"container\" data-e-type=\"container\">\n\t\t\t\t\t<div class=\"e-con-inner\">\n\t\t\t\t<div class=\"elementor-element elementor-element-a5b0e18 elementor-widget elementor-widget-heading\" data-id=\"a5b0e18\" data-element_type=\"widget\" data-e-type=\"widget\" data-widget_type=\"heading.default\">\n\t\t\t\t<div class=\"elementor-widget-container\">\n\t\t\t\t\t<h2 class=\"elementor-heading-title elementor-size-default\">Aviso legal de la web y Pol\u00edtica de Privacidad<\/h2>\t\t\t\t<\/div>\n\t\t\t\t<\/div>\n\t\t\t\t<div class=\"elementor-element elementor-element-12e2952 elementor-widget elementor-widget-text-editor\" data-id=\"12e2952\" data-element_type=\"widget\" data-e-type=\"widget\" data-widget_type=\"text-editor.default\">\n\t\t\t\t<div class=\"elementor-widget-container\">\n\t\t\t\t\t\t\t\t\t<p>Constituye el objeto de las presentes Condiciones regular el acceso y la utilizaci\u00f3n de este sitio web.<\/p>\n<p>La Fundaci\u00f3n Privada para la ordenaci\u00f3n del sector de la construcci\u00f3n en Catalu\u00f1a se reserva la facultad de modificar, en cualquier momento y sin previo aviso, la presentaci\u00f3n y configuraci\u00f3n del sitio web y de los contenidos y servicios que en \u00e9l se incorporan. El usuario reconoce y acepta que en cualquier momento la Fundaci\u00f3 Privada para la ordenaci\u00f3n del sector de la construcci\u00f3n en Catalu\u00f1a pueda interrumpir, desactivar y\/o cancelar cualquiera de los contenidos y servicios que se integran en el sitio web.<\/p>\n<p>El acceso y la utilizaci\u00f3n de ciertos contenidos y servicios puede encontrarse sometido a determinadas condiciones propias, avisos legales, directrices y reglamentos de uso que, previamente puestos en conocimiento del usuario, y seg\u00fan los casos, sustituir\u00e1n, completar\u00e1n y\/o modificar\u00e1n las Condiciones Generales aqu\u00ed recogidas. El acceso y la utilizaci\u00f3n de dichos contenidos y servicios implicar\u00e1, por consiguiente, la plena adhesi\u00f3n a las Condiciones Particulares que los regulan en la versi\u00f3n publicada en el momento en que el usuario acceda a los mismos, quedando estas Condiciones Particulares incorporadas autom\u00e1ticamente a las presentes Condiciones Generales.<\/p>\n<p>El usuario se obliga a no acceder a los contenidos y fundaci\u00f3n proporciona para acceder a los mismos.<\/p>\n<p>La Fundaci\u00f3n Privada para la ordenaci\u00f3n del sector de la construcci\u00f3n en Catalu\u00f1a podr\u00e1 exigir para el acceso a determinados contenidos y servicios el env\u00edo de un formulario de alta. El usuario, en tal caso, deber\u00e1 proporcionar la informaci\u00f3n solicitada. En relaci\u00f3n con el proceso de registro, el usuario se obliga a:<\/p>\n<ul>\n<li>Facilitar los datos veraces, exactos y completos sobre su identidad.<\/li>\n<li>Actualizar los datos de registro para que \u00e9stos sigan siendo veraces, exactos y completos.<\/li>\n<\/ul>\n<p>El usuario no podr\u00e1 escoger como contra, o contra, contra o, fueran contrarias a la ley oa las exigencias de la moral y las buenas costumbres generalmente aceptadas y, en general, palabras y\/o expresiones sobre las que recaiga alg\u00fan derecho que excluya la utilizaci\u00f3n por el usuario de las mismas. Para ello, el usuario no podr\u00e1 seleccionar palabras o expresiones que sean malsonantes, injuriosas, calumniosas, id\u00e9nticas, similares o, en alguna forma, coincidentes con signos distintivos, denominaciones sociales, as\u00ed como nombres, apellidos, nombres art\u00edsticos y\/o seud\u00f3nimos de terceras personas.<\/p>\n<p>Si el usuario facilitara cualquier dato falso, inexacto o incompleto, o si la fundaci\u00f3n tuviera motivos suficientes para sospechar que la citada informaci\u00f3n fuera falsa, inexacta, incompleta, o contraria a la ley oa las exigencias de la moral y las buenas costumbres generalmente aceptadas, de conformidad con lo establecido en el p\u00e1rrafo el acceso y uso, presente o futuro, del sitio web o de cualquiera de los contenidos y\/o servicios en \u00e9l incorporados.<\/p>\n<p>El usuario se compromete a hacer un uso diligente de su nombre de usuario y contrase\u00f1a, as\u00ed como a mantener ambos en secreto. Ser\u00e1 de exclusiva responsabilidad del usuario mantener la confidencialidad de su nombre de usuario y contrase\u00f1a, asumiendo personalmente cualquiera de las actividades que se realicen o que tengan lugar mediante la utilizaci\u00f3n de los mismos.<\/p>\n<p>El usuario se obliga a usar el sitio web y los contenidos y\/o servicios que en \u00e9l se incorporan de forma diligente y correcta. Asimismo, se compromete a no utilizar el sitio web:<\/p>\n<ul>\n<li>Para la realizaci\u00f3n de actividades contrarias a la ley, a la moral, a las buenas costumbres aceptadas o al orden p\u00fablico establecido.<\/li>\n<li>Con fines o efectos il\u00edcitos, prohibidos o lesivos de derechos e intereses de terceros, declinando la fundaci\u00f3n cualquier responsabilidad que, declinando la fundaci\u00f3n cualquier responsabilidad que, derivar.<\/li>\n<\/ul>\n<p>Queda expresamente prohibido que el usuario autorice a terceros el uso, total o parcial, del sitio web o que introduzca y\/o incorpore en una actividad empresarial propia los contenidos y\/o servicios en \u00e9l incorporados. Queda expresamente prohibido el uso o aplicaci\u00f3n de cualquier recurso t\u00e9cnico, l\u00f3gico o tecnol\u00f3gico por virtud del cual los usuarios puedan beneficiarse, directa o indirectamente, con o sin lucro, de la explotaci\u00f3n no autorizada de los contenidos y\/o servicios ofrecidos o el sitio web en s\u00ed. deteriorar el sitio web o impedir la normal utilizaci\u00f3n o disfrute del mismo por parte de otros usuarios.<\/p>\n<p>El usuario se obliga a no interferir, ni interrumpir, el acceso y utilizaci\u00f3n del sitio web, servidores o redes conectados al mismo, ni incumplir los requisitos, procedimientos y regulaciones de la pol\u00edtica de conexi\u00f3n de redes.<\/p>\n<p>La relaci\u00f3n jur\u00eddica derivada del acceso y utilizaci\u00f3n del sitio web, as\u00ed como de los contenidos y servicios en \u00e9l incorporados, tiene una duraci\u00f3n indefinida. Asimismo, cualquiera de las partes podr\u00e1 dar por terminada o suspender la presente relaci\u00f3n jur\u00eddica unilateralmente en cualquier momento y sin m\u00e1s causa que su voluntad en este sentido.<\/P> <P>Sin prejuicio de la anterior, dicha relaci\u00f3n se dar\u00e1 por terminada con car\u00e1cter inmediato cuando la fundaci\u00f3n publique unas nuevas Condiciones Generales. El acceso y utilizaci\u00f3n del sitio web implicar\u00e1 la plena adhesi\u00f3n y aceptaci\u00f3n de las nuevas condiciones y, consecuentemente, el inicio de una nueva relaci\u00f3n jur\u00eddica.<\/p>\n<p>La fundaci\u00f3n se reserva la facultad de modificar, en cualquier momento y sin previo aviso, las presentes Condiciones Generales.<\/p>\n<p>La fundaci\u00f3n podr\u00e1 ceder, transferir, grabar o subro asumidos en virtud de la relaci\u00f3n contractual aqu\u00ed expuesta, as\u00ed como la posici\u00f3n contractual en cualquier tercera parte, entendi\u00e9ndose, por medio de la presente cl\u00e1usula, que el usuario otorga autorizaci\u00f3n suficiente a tal efecto.<\/p>\n<p>[\/vc_column_text][vc_column_text][\/vc_column_text][\/vc width=\u00bb1\/2&#8243;][vc_column_text]<strong>Pol\u00edtica de Privacidad<\/strong><\/p>\n<hr \/>\n<p>El acceso a algunos de los servicios y productos ofrecidos a trav\u00e9s de la p\u00e1gina web del Consta puede requerir que el usuario proporcione determinados datos de car\u00e1cter personal. De acuerdo con lo dispuesto en el Reglamento Europeo de Protecci\u00f3n de Datos 2016\/679, informamos que el responsable del tratamiento de los datos recogidos es la Fundaci\u00f3n Privada para la ordenaci\u00f3n del sector de la construcci\u00f3n en Catalu\u00f1a. el interesado, sobre cuestiones relacionadas con la fundaci\u00f3n y el sector de la construcci\u00f3n, o tambi\u00e9n informar de cursos de formaci\u00f3n.<\/p>\n<p>Los datos ser\u00e1n conservados el tiempo indispensable en atenci\u00f3n a las finalidades de tratamiento por las que han sido recogidos, pero en todo caso, el interesado tiene derecho a acceder, rectificar, limitar el tratamiento, cancelar y suprimir autorizado.<\/p>\n<p>Cualquiera de estos supuestos podr\u00e1 realizarse por su titular directamente mediante comunicaci\u00f3n al mail\u00a0<a href=\"mailto:info@consta.org\">info@consta.org<\/a>.<\/p>\n<p><strong>Legislaci\u00f3n aplicable. Sumisi\u00f3n a fueros.<\/strong><\/p>\n<hr \/>\n<p>Las ventas realizadas en la web de Consta se someten a la legislaci\u00f3n espa\u00f1ola.<\/p>\n<p>En el supuesto de que surja cualquier conflicto o discrepancia en la interpretaci\u00f3n o aplicaci\u00f3n de las presentes condiciones contractuales, los Juzgados y Tribunales que, en su caso, la jurisdicci\u00f3n competente, en la que se atienda, trat\u00e1ndose de consumidores finales, en el lugar del cumplimiento de la obligaci\u00f3n o en el del domicilio de la parte compradora.<\/p>\n<p>En caso de que la parte compradora tenga su domicilio fuera de Espa\u00f1a, o que se trate de una compraventa realizada por una empresa, ambas partes se someten, con Barcelona (Espa\u00f1a).<\/p>\n<p><strong>Inscripci\u00f3n a jornadas de Consta<\/strong><\/p>\n<hr \/>\n<p>El solicitante una vez est\u00e9 registrado en la Web, solicitar\u00e1 la tramitaci\u00f3n on line de su inscripci\u00f3n en la jornada, y deber\u00e1 esperar a recibir la confirmaci\u00f3n de su inscripci\u00f3n por parte de Consta v\u00eda e-mail o bien. debe aparecer sin falta el nombre de la jornada, el nombre y apellidos de las personas que asistir\u00e1n as\u00ed como la empresa en la que trabajan (excepto en el caso de los aut\u00f3nomos). Si es su empresa u otra entidad quien le abona el pago, en el concepto del ingreso o transferencia debe aparecer el nombre de la persona que se inscribe en el curso y no la entidad que abona el importe.<\/p>\n<p><strong>Cancelaci\u00f3n:<\/strong><\/p>\n<hr \/>\n<p>La fundaci\u00f3n se reserva el derecho a cancelar una jornada si no se llega a un m\u00ednimo de asistentes al acto o por circunstancias imprevistas. En caso de que la jornada no fuera gratuita, y se hubiera efectuado el pago correspondiente de inscripci\u00f3n, el solicitante podr\u00e1 optar, una vez cancelada la jornada, entre la devoluci\u00f3n del ingreso efectuado, o la inscripci\u00f3n en otra jornada de pago de la fundaci\u00f3n en este caso si el importe ingresado fuera de mayor importe que el solicitante podr\u00e1 cancelar la jornada. inscripci\u00f3n en una jornada de pago con derecho a devoluci\u00f3n del total del importe ingresado, si la cancelaci\u00f3n se produce antes de las 48 horas de inicio de la jornada. En caso contrario, el solicitante perder\u00e1 el derecho a la devoluci\u00f3n del ingreso efectuado.<\/p>\n<p><strong>Legislaci\u00f3n aplicable. Sumisi\u00f3n a fueros.<\/strong><\/p>\n<hr \/>\n<p>Las compras realizadas en la web www.consta.org se someten a la legislaci\u00f3n espa\u00f1ola.<\/p>\n<p>En el supuesto de que surja cualquier conflicto o discrepancia en la interpretaci\u00f3n o aplicaci\u00f3n de las presentes condiciones contractuales, los Juzgados y Tribunales que, en su caso, en el caso legal de jurisdicci\u00f3n competente, en la que se atiende, trat\u00e1ndose de consumidores finales, en el lugar del cumplimiento de la obligaci\u00f3n o en el del domicilio de la parte compradora.<\/p>\n<p>En caso de que la parte compradora tenga su domicilio fuera de Espa\u00f1a, o que se trate de una compraventa realizada por una empresa, ambas partes se someten, con Barcelona (Espa\u00f1a).<\/p>\n<h4>POL\u00cdTICA DE COOKIES<\/h4>\n<p>[cookie_declaration]<\/p>\n<p>[\/vc_column_text][\/vc_column][\/vc_row]<\/p>\n<p><strong>DEVOLUCIONES, CAMBIOS O REEMBOLSOS<\/strong><\/p>\n<p> href=\u00bbhttps:\/\/www.recons-consta.org\/devolucions_reembolso\u00bb>https:\/\/www.recons-consta.org\/devolucions_reembolso<\/a><\/p>\n\t\t\t\t\t\t\t\t<\/div>\n\t\t\t\t<\/div>\n\t\t\t\t\t<\/div>\n\t\t\t\t<\/div>\n\t\t\t\t<\/div>\n\t\t","protected":false},"excerpt":{"rendered":"<p>Aviso legal de la web y Pol\u00edtica de Privacidad Constituye el objeto de las presentes Condiciones regular el acceso y la utilizaci\u00f3n de este sitio web. La Fundaci\u00f3n Privada para la ordenaci\u00f3n del sector de la construcci\u00f3n en Catalu\u00f1a se reserva la facultad de modificar, en cualquier momento y sin previo aviso, la presentaci\u00f3n y [&hellip;]<\/p>\n","protected":false},"author":1,"featured_media":0,"parent":0,"menu_order":0,"comment_status":"closed","ping_status":"closed","template":"page-templates\/pagebuilder.php","meta":{"zakra_page_container_layout":"customizer","zakra_page_sidebar_layout":"customizer","zakra_remove_content_margin":false,"zakra_sidebar":"customizer","zakra_transparent_header":"customizer","zakra_logo":0,"zakra_main_header_style":"default","zakra_menu_item_color":"","zakra_menu_item_hover_color":"","zakra_menu_item_active_color":"","zakra_menu_active_style":"","zakra_page_header":true,"footnotes":""},"class_list":["post-18887","page","type-page","status-publish","hentry"],"_links":{"self":[{"href":"https:\/\/www.recons-consta.org\/es\/wp-json\/wp\/v2\/pages\/18887","targetHints":{"allow":["GET"]}}],"collection":[{"href":"https:\/\/www.recons-consta.org\/es\/wp-json\/wp\/v2\/pages"}],"about":[{"href":"https:\/\/www.recons-consta.org\/es\/wp-json\/wp\/v2\/types\/page"}],"author":[{"embeddable":true,"href":"https:\/\/www.recons-consta.org\/es\/wp-json\/wp\/v2\/users\/1"}],"replies":[{"embeddable":true,"href":"https:\/\/www.recons-consta.org\/es\/wp-json\/wp\/v2\/comments?post=18887"}],"version-history":[{"count":3,"href":"https:\/\/www.recons-consta.org\/es\/wp-json\/wp\/v2\/pages\/18887\/revisions"}],"predecessor-version":[{"id":18890,"href":"https:\/\/www.recons-consta.org\/es\/wp-json\/wp\/v2\/pages\/18887\/revisions\/18890"}],"wp:attachment":[{"href":"https:\/\/www.recons-consta.org\/es\/wp-json\/wp\/v2\/media?parent=18887"}],"curies":[{"name":"wp","href":"https:\/\/api.w.org\/{rel}","templated":true}]}}

Aviso legal y Política de Privacidad

<div data-elementor-type="wp-page" data-elementor-id="18887" class="elementor elementor-18887 elementor-18835" data-elementor-post-type="page">
				<div class="elementor-element elementor-element-612c397 e-flex e-con-boxed e-con e-parent" data-id="612c397" data-element_type="container" data-e-type="container">
					<div class="e-con-inner">
				<div class="elementor-element elementor-element-a5b0e18 elementor-widget elementor-widget-heading" data-id="a5b0e18" data-element_type="widget" data-e-type="widget" data-widget_type="heading.default">
				<div class="elementor-widget-container">
					<h2 class="elementor-heading-title elementor-size-default">Aviso legal de la web y Política de Privacidad</h2>				</div>
				</div>
				<div class="elementor-element elementor-element-12e2952 elementor-widget elementor-widget-text-editor" data-id="12e2952" data-element_type="widget" data-e-type="widget" data-widget_type="text-editor.default">
				<div class="elementor-widget-container">
									<p>Constituye el objeto de las presentes Condiciones regular el acceso y la utilización de este sitio web.</p>
<p>La Fundación Privada para la ordenación del sector de la construcción en Cataluña se reserva la facultad de modificar, en cualquier momento y sin previo aviso, la presentación y configuración del sitio web y de los contenidos y servicios que en él se incorporan. El usuario reconoce y acepta que en cualquier momento la Fundació Privada para la ordenación del sector de la construcción en Cataluña pueda interrumpir, desactivar y/o cancelar cualquiera de los contenidos y servicios que se integran en el sitio web.</p>
<p>El acceso y la utilización de ciertos contenidos y servicios puede encontrarse sometido a determinadas condiciones propias, avisos legales, directrices y reglamentos de uso que, previamente puestos en conocimiento del usuario, y según los casos, sustituirán, completarán y/o modificarán las Condiciones Generales aquí recogidas. El acceso y la utilización de dichos contenidos y servicios implicará, por consiguiente, la plena adhesión a las Condiciones Particulares que los regulan en la versión publicada en el momento en que el usuario acceda a los mismos, quedando estas Condiciones Particulares incorporadas automáticamente a las presentes Condiciones Generales.</p>
<p>El usuario se obliga a no acceder a los contenidos y fundación proporciona para acceder a los mismos.</p>
<p>La Fundación Privada para la ordenación del sector de la construcción en Cataluña podrá exigir para el acceso a determinados contenidos y servicios el envío de un formulario de alta. El usuario, en tal caso, deberá proporcionar la información solicitada. En relación con el proceso de registro, el usuario se obliga a:</p>
<ul>
<li>Facilitar los datos veraces, exactos y completos sobre su identidad.</li>
<li>Actualizar los datos de registro para que éstos sigan siendo veraces, exactos y completos.</li>
</ul>
<p>El usuario no podrá escoger como contra, o contra, contra o, fueran contrarias a la ley oa las exigencias de la moral y las buenas costumbres generalmente aceptadas y, en general, palabras y/o expresiones sobre las que recaiga algún derecho que excluya la utilización por el usuario de las mismas. Para ello, el usuario no podrá seleccionar palabras o expresiones que sean malsonantes, injuriosas, calumniosas, idénticas, similares o, en alguna forma, coincidentes con signos distintivos, denominaciones sociales, así como nombres, apellidos, nombres artísticos y/o seudónimos de terceras personas.</p>
<p>Si el usuario facilitara cualquier dato falso, inexacto o incompleto, o si la fundación tuviera motivos suficientes para sospechar que la citada información fuera falsa, inexacta, incompleta, o contraria a la ley oa las exigencias de la moral y las buenas costumbres generalmente aceptadas, de conformidad con lo establecido en el párrafo el acceso y uso, presente o futuro, del sitio web o de cualquiera de los contenidos y/o servicios en él incorporados.</p>
<p>El usuario se compromete a hacer un uso diligente de su nombre de usuario y contraseña, así como a mantener ambos en secreto. Será de exclusiva responsabilidad del usuario mantener la confidencialidad de su nombre de usuario y contraseña, asumiendo personalmente cualquiera de las actividades que se realicen o que tengan lugar mediante la utilización de los mismos.</p>
<p>El usuario se obliga a usar el sitio web y los contenidos y/o servicios que en él se incorporan de forma diligente y correcta. Asimismo, se compromete a no utilizar el sitio web:</p>
<ul>
<li>Para la realización de actividades contrarias a la ley, a la moral, a las buenas costumbres aceptadas o al orden público establecido.</li>
<li>Con fines o efectos ilícitos, prohibidos o lesivos de derechos e intereses de terceros, declinando la fundación cualquier responsabilidad que, declinando la fundación cualquier responsabilidad que, derivar.</li>
</ul>
<p>Queda expresamente prohibido que el usuario autorice a terceros el uso, total o parcial, del sitio web o que introduzca y/o incorpore en una actividad empresarial propia los contenidos y/o servicios en él incorporados. Queda expresamente prohibido el uso o aplicación de cualquier recurso técnico, lógico o tecnológico por virtud del cual los usuarios puedan beneficiarse, directa o indirectamente, con o sin lucro, de la explotación no autorizada de los contenidos y/o servicios ofrecidos o el sitio web en sí. deteriorar el sitio web o impedir la normal utilización o disfrute del mismo por parte de otros usuarios.</p>
<p>El usuario se obliga a no interferir, ni interrumpir, el acceso y utilización del sitio web, servidores o redes conectados al mismo, ni incumplir los requisitos, procedimientos y regulaciones de la política de conexión de redes.</p>
<p>La relación jurídica derivada del acceso y utilización del sitio web, así como de los contenidos y servicios en él incorporados, tiene una duración indefinida. Asimismo, cualquiera de las partes podrá dar por terminada o suspender la presente relación jurídica unilateralmente en cualquier momento y sin más causa que su voluntad en este sentido.</P> <P>Sin prejuicio de la anterior, dicha relación se dará por terminada con carácter inmediato cuando la fundación publique unas nuevas Condiciones Generales. El acceso y utilización del sitio web implicará la plena adhesión y aceptación de las nuevas condiciones y, consecuentemente, el inicio de una nueva relación jurídica.</p>
<p>La fundación se reserva la facultad de modificar, en cualquier momento y sin previo aviso, las presentes Condiciones Generales.</p>
<p>La fundación podrá ceder, transferir, grabar o subro asumidos en virtud de la relación contractual aquí expuesta, así como la posición contractual en cualquier tercera parte, entendiéndose, por medio de la presente cláusula, que el usuario otorga autorización suficiente a tal efecto.</p>
<p>[/vc_column_text][vc_column_text][/vc_column_text][/vc width=»1/2&#8243;][vc_column_text]<strong>Política de Privacidad</strong></p>
<hr />
<p>El acceso a algunos de los servicios y productos ofrecidos a través de la página web del Consta puede requerir que el usuario proporcione determinados datos de carácter personal. De acuerdo con lo dispuesto en el Reglamento Europeo de Protección de Datos 2016/679, informamos que el responsable del tratamiento de los datos recogidos es la Fundación Privada para la ordenación del sector de la construcción en Cataluña. el interesado, sobre cuestiones relacionadas con la fundación y el sector de la construcción, o también informar de cursos de formación.</p>
<p>Los datos serán conservados el tiempo indispensable en atención a las finalidades de tratamiento por las que han sido recogidos, pero en todo caso, el interesado tiene derecho a acceder, rectificar, limitar el tratamiento, cancelar y suprimir autorizado.</p>
<p>Cualquiera de estos supuestos podrá realizarse por su titular directamente mediante comunicación al mail <a href="mailto:info@consta.org">info@consta.org</a>.</p>
<p><strong>Legislación aplicable. Sumisión a fueros.</strong></p>
<hr />
<p>Las ventas realizadas en la web de Consta se someten a la legislación española.</p>
<p>En el supuesto de que surja cualquier conflicto o discrepancia en la interpretación o aplicación de las presentes condiciones contractuales, los Juzgados y Tribunales que, en su caso, la jurisdicción competente, en la que se atienda, tratándose de consumidores finales, en el lugar del cumplimiento de la obligación o en el del domicilio de la parte compradora.</p>
<p>En caso de que la parte compradora tenga su domicilio fuera de España, o que se trate de una compraventa realizada por una empresa, ambas partes se someten, con Barcelona (España).</p>
<p><strong>Inscripción a jornadas de Consta</strong></p>
<hr />
<p>El solicitante una vez esté registrado en la Web, solicitará la tramitación on line de su inscripción en la jornada, y deberá esperar a recibir la confirmación de su inscripción por parte de Consta vía e-mail o bien. debe aparecer sin falta el nombre de la jornada, el nombre y apellidos de las personas que asistirán así como la empresa en la que trabajan (excepto en el caso de los autónomos). Si es su empresa u otra entidad quien le abona el pago, en el concepto del ingreso o transferencia debe aparecer el nombre de la persona que se inscribe en el curso y no la entidad que abona el importe.</p>
<p><strong>Cancelación:</strong></p>
<hr />
<p>La fundación se reserva el derecho a cancelar una jornada si no se llega a un mínimo de asistentes al acto o por circunstancias imprevistas. En caso de que la jornada no fuera gratuita, y se hubiera efectuado el pago correspondiente de inscripción, el solicitante podrá optar, una vez cancelada la jornada, entre la devolución del ingreso efectuado, o la inscripción en otra jornada de pago de la fundación en este caso si el importe ingresado fuera de mayor importe que el solicitante podrá cancelar la jornada. inscripción en una jornada de pago con derecho a devolución del total del importe ingresado, si la cancelación se produce antes de las 48 horas de inicio de la jornada. En caso contrario, el solicitante perderá el derecho a la devolución del ingreso efectuado.</p>
<p><strong>Legislación aplicable. Sumisión a fueros.</strong></p>
<hr />
<p>Las compras realizadas en la web www.consta.org se someten a la legislación española.</p>
<p>En el supuesto de que surja cualquier conflicto o discrepancia en la interpretación o aplicación de las presentes condiciones contractuales, los Juzgados y Tribunales que, en su caso, en el caso legal de jurisdicción competente, en la que se atiende, tratándose de consumidores finales, en el lugar del cumplimiento de la obligación o en el del domicilio de la parte compradora.</p>
<p>En caso de que la parte compradora tenga su domicilio fuera de España, o que se trate de una compraventa realizada por una empresa, ambas partes se someten, con Barcelona (España).</p>
<h4>POLÍTICA DE COOKIES</h4>
<p>[cookie_declaration]</p>
<p>[/vc_column_text][/vc_column][/vc_row]</p>
<p><strong>DEVOLUCIONES, CAMBIOS O REEMBOLSOS</strong></p>
<p> href=»https://www.recons-consta.org/devolucions_reembolso»>https://www.recons-consta.org/devolucions_reembolso</a></p>
								</div>
				</div>
					</div>
				</div>
				</div>

<p>Aviso legal de la web y Política de Privacidad Constituye el objeto de las presentes Condiciones regular el acceso y la utilización de este sitio web. La Fundación Privada para la ordenación del sector de la construcción en Cataluña se reserva la facultad de modificar, en cualquier momento y sin previo aviso, la presentación y [&hellip;]</p>
